{"id":218945,"date":"2026-08-11T12:18:44","date_gmt":"2026-08-11T12:18:44","guid":{"rendered":"https:\/\/expoexhibitionstands.eu\/fr\/?post_type=events&#038;p=218945"},"modified":"2026-08-21T11:18:22","modified_gmt":"2026-08-21T11:18:22","slug":"stand-dexposition-a-rotterdam","status":"publish","type":"events","link":"https:\/\/expoexhibitionstands.eu\/fr\/standiste-d-exposition-rotterdam","title":{"rendered":"Stand d\u2019exposition \u00e0 Rotterdam"},"content":{"rendered":"","protected":false},"featured_media":0,"parent":211487,"menu_order":0,"template":"template\/page-builder.php","event_category":[231],"event_country":[230],"event_year":[171],"class_list":["post-218945","events","type-events","status-publish","hentry","event_category-rotterdam","event_country-pays-bas","event_year-171"],"acf":[],"yoast_head":"<!-- This site is optimized with the Yoast SEO plugin v27.8 - https:\/\/yoast.com\/product\/yoast-seo-wordpress\/ -->\n<title>Standiste \u00e0 Rotterdam avec production interne<\/title>\n<meta name=\"description\" content=\"Conception et location de stands d&#039;exposition \u00e0 Rotterdam, avec une logistique fluide, une conception 3D gratuite et un devis d\u00e9taill\u00e9.\" \/>\n<meta name=\"robots\" content=\"noindex, nofollow\" \/>\n<meta property=\"og:locale\" content=\"fr_FR\" \/>\n<meta property=\"og:type\" content=\"article\" \/>\n<meta property=\"og:title\" content=\"Standiste \u00e0 Rotterdam avec production interne\" \/>\n<meta property=\"og:description\" content=\"Conception et location de stands d&#039;exposition \u00e0 Rotterdam, avec une logistique fluide, une conception 3D gratuite et un devis d\u00e9taill\u00e9.\" \/>\n<meta property=\"og:url\" content=\"https:\/\/expoexhibitionstands.eu\/fr\/standiste-d-exposition-rotterdam\" \/>\n<meta property=\"og:site_name\" content=\"Expo Exhibition Stands\" \/>\n<meta property=\"article:modified_time\" content=\"2026-08-21T11:18:22+00:00\" \/>\n<meta name=\"twitter:card\" content=\"summary_large_image\" \/>\n<meta name=\"twitter:label1\" content=\"Dur\u00e9e de lecture estim\u00e9e\" \/>\n\t<meta name=\"twitter:data1\" content=\"9 minutes\" \/>\n<script type=\"application\/ld+json\" class=\"yoast-schema-graph\">{\"@context\":\"https:\\\/\\\/schema.org\",\"@graph\":[{\"@type\":\"WebPage\",\"@id\":\"https:\\\/\\\/expoexhibitionstands.eu\\\/fr\\\/standiste-d-exposition-rotterdam\",\"url\":\"https:\\\/\\\/expoexhibitionstands.eu\\\/fr\\\/standiste-d-exposition-rotterdam\",\"name\":\"Standiste \u00e0 Rotterdam avec production interne\",\"isPartOf\":{\"@id\":\"https:\\\/\\\/expoexhibitionstands.eu\\\/fr\\\/#website\"},\"datePublished\":\"2026-08-11T12:18:44+00:00\",\"dateModified\":\"2026-08-21T11:18:22+00:00\",\"description\":\"Conception et location de stands d'exposition \u00e0 Rotterdam, avec une logistique fluide, une conception 3D gratuite et un devis d\u00e9taill\u00e9.\",\"breadcrumb\":{\"@id\":\"https:\\\/\\\/expoexhibitionstands.eu\\\/fr\\\/standiste-d-exposition-rotterdam#breadcrumb\"},\"inLanguage\":\"fr-FR\",\"potentialAction\":[{\"@type\":\"ReadAction\",\"target\":[\"https:\\\/\\\/expoexhibitionstands.eu\\\/fr\\\/standiste-d-exposition-rotterdam\"]}]},{\"@type\":\"BreadcrumbList\",\"@id\":\"https:\\\/\\\/expoexhibitionstands.eu\\\/fr\\\/standiste-d-exposition-rotterdam#breadcrumb\",\"itemListElement\":[{\"@type\":\"ListItem\",\"position\":1,\"name\":\"Home\",\"item\":\"https:\\\/\\\/expoexhibitionstands.eu\\\/fr\\\/\"},{\"@type\":\"ListItem\",\"position\":2,\"name\":\"Events\",\"item\":\"https:\\\/\\\/expoexhibitionstands.eu\\\/fr\\\/messen\"},{\"@type\":\"ListItem\",\"position\":3,\"name\":\"Calendrier des foires\",\"item\":\"https:\\\/\\\/expoexhibitionstands.eu\\\/fr\\\/expositions\\\/evenements\"},{\"@type\":\"ListItem\",\"position\":4,\"name\":\"Stand d\u2019exposition \u00e0 Rotterdam\"}]},{\"@type\":\"WebSite\",\"@id\":\"https:\\\/\\\/expoexhibitionstands.eu\\\/fr\\\/#website\",\"url\":\"https:\\\/\\\/expoexhibitionstands.eu\\\/fr\\\/\",\"name\":\"Expo Exhibition Stands\",\"description\":\"\",\"potentialAction\":[{\"@type\":\"SearchAction\",\"target\":{\"@type\":\"EntryPoint\",\"urlTemplate\":\"https:\\\/\\\/expoexhibitionstands.eu\\\/fr\\\/?s={search_term_string}\"},\"query-input\":{\"@type\":\"PropertyValueSpecification\",\"valueRequired\":true,\"valueName\":\"search_term_string\"}}],\"inLanguage\":\"fr-FR\"}]}<\/script>\n<!-- \/ Yoast SEO plugin. -->","yoast_head_json":{"title":"Standiste \u00e0 Rotterdam avec production interne","description":"Conception et location de stands d'exposition \u00e0 Rotterdam, avec une logistique fluide, une conception 3D gratuite et un devis d\u00e9taill\u00e9.","robots":{"index":"noindex","follow":"nofollow"},"og_locale":"fr_FR","og_type":"article","og_title":"Standiste \u00e0 Rotterdam avec production interne","og_description":"Conception et location de stands d'exposition \u00e0 Rotterdam, avec une logistique fluide, une conception 3D gratuite et un devis d\u00e9taill\u00e9.","og_url":"https:\/\/expoexhibitionstands.eu\/fr\/standiste-d-exposition-rotterdam","og_site_name":"Expo Exhibition Stands","article_modified_time":"2026-08-21T11:18:22+00:00","twitter_card":"summary_large_image","twitter_misc":{"Dur\u00e9e de lecture estim\u00e9e":"9 minutes"},"schema":{"@context":"https:\/\/schema.org","@graph":[{"@type":"WebPage","@id":"https:\/\/expoexhibitionstands.eu\/fr\/standiste-d-exposition-rotterdam","url":"https:\/\/expoexhibitionstands.eu\/fr\/standiste-d-exposition-rotterdam","name":"Standiste \u00e0 Rotterdam avec production interne","isPartOf":{"@id":"https:\/\/expoexhibitionstands.eu\/fr\/#website"},"datePublished":"2026-08-11T12:18:44+00:00","dateModified":"2026-08-21T11:18:22+00:00","description":"Conception et location de stands d'exposition \u00e0 Rotterdam, avec une logistique fluide, une conception 3D gratuite et un devis d\u00e9taill\u00e9.","breadcrumb":{"@id":"https:\/\/expoexhibitionstands.eu\/fr\/standiste-d-exposition-rotterdam#breadcrumb"},"inLanguage":"fr-FR","potentialAction":[{"@type":"ReadAction","target":["https:\/\/expoexhibitionstands.eu\/fr\/standiste-d-exposition-rotterdam"]}]},{"@type":"BreadcrumbList","@id":"https:\/\/expoexhibitionstands.eu\/fr\/standiste-d-exposition-rotterdam#breadcrumb","itemListElement":[{"@type":"ListItem","position":1,"name":"Home","item":"https:\/\/expoexhibitionstands.eu\/fr\/"},{"@type":"ListItem","position":2,"name":"Events","item":"https:\/\/expoexhibitionstands.eu\/fr\/messen"},{"@type":"ListItem","position":3,"name":"Calendrier des foires","item":"https:\/\/expoexhibitionstands.eu\/fr\/expositions\/evenements"},{"@type":"ListItem","position":4,"name":"Stand d\u2019exposition \u00e0 Rotterdam"}]},{"@type":"WebSite","@id":"https:\/\/expoexhibitionstands.eu\/fr\/#website","url":"https:\/\/expoexhibitionstands.eu\/fr\/","name":"Expo Exhibition Stands","description":"","potentialAction":[{"@type":"SearchAction","target":{"@type":"EntryPoint","urlTemplate":"https:\/\/expoexhibitionstands.eu\/fr\/?s={search_term_string}"},"query-input":{"@type":"PropertyValueSpecification","valueRequired":true,"valueName":"search_term_string"}}],"inLanguage":"fr-FR"}]}},"_links":{"self":[{"href":"https:\/\/expoexhibitionstands.eu\/fr\/wp-json\/wp\/v2\/events\/218945","targetHints":{"allow":["GET"]}}],"collection":[{"href":"https:\/\/expoexhibitionstands.eu\/fr\/wp-json\/wp\/v2\/events"}],"about":[{"href":"https:\/\/expoexhibitionstands.eu\/fr\/wp-json\/wp\/v2\/types\/events"}],"up":[{"embeddable":true,"href":"https:\/\/expoexhibitionstands.eu\/fr\/wp-json\/wp\/v2\/events\/211487"}],"wp:attachment":[{"href":"https:\/\/expoexhibitionstands.eu\/fr\/wp-json\/wp\/v2\/media?parent=218945"}],"wp:term":[{"taxonomy":"event_category","embeddable":true,"href":"https:\/\/expoexhibitionstands.eu\/fr\/wp-json\/wp\/v2\/event_category?post=218945"},{"taxonomy":"event_country","embeddable":true,"href":"https:\/\/expoexhibitionstands.eu\/fr\/wp-json\/wp\/v2\/event_country?post=218945"},{"taxonomy":"event_year","embeddable":true,"href":"https:\/\/expoexhibitionstands.eu\/fr\/wp-json\/wp\/v2\/event_year?post=218945"}],"curies":[{"name":"wp","href":"https:\/\/api.w.org\/{rel}","templated":true}]}}

Stand d’exposition à Rotterdam

<!-- This site is optimized with the Yoast SEO plugin v27.8 - https://yoast.com/product/yoast-seo-wordpress/ -->
<title>Standiste à Rotterdam avec production interne</title>
<meta name="description" content="Conception et location de stands d&#039;exposition à Rotterdam, avec une logistique fluide, une conception 3D gratuite et un devis détaillé." />
<meta name="robots" content="noindex, nofollow" />
<meta property="og:locale" content="fr_FR" />
<meta property="og:type" content="article" />
<meta property="og:title" content="Standiste à Rotterdam avec production interne" />
<meta property="og:description" content="Conception et location de stands d&#039;exposition à Rotterdam, avec une logistique fluide, une conception 3D gratuite et un devis détaillé." />
<meta property="og:url" content="https://expoexhibitionstands.eu/fr/standiste-d-exposition-rotterdam" />
<meta property="og:site_name" content="Expo Exhibition Stands" />
<meta property="article:modified_time" content="2026-08-21T11:18:22+00:00" />
<meta name="twitter:card" content="summary_large_image" />
<meta name="twitter:label1" content="Durée de lecture estimée" />
	<meta name="twitter:data1" content="9 minutes" />
<script type="application/ld+json" class="yoast-schema-graph">{"@context":"https:\/\/schema.org","@graph":[{"@type":"WebPage","@id":"https:\/\/expoexhibitionstands.eu\/fr\/standiste-d-exposition-rotterdam","url":"https:\/\/expoexhibitionstands.eu\/fr\/standiste-d-exposition-rotterdam","name":"Standiste à Rotterdam avec production interne","isPartOf":{"@id":"https:\/\/expoexhibitionstands.eu\/fr\/#website"},"datePublished":"2026-08-11T12:18:44+00:00","dateModified":"2026-08-21T11:18:22+00:00","description":"Conception et location de stands d'exposition à Rotterdam, avec une logistique fluide, une conception 3D gratuite et un devis détaillé.","breadcrumb":{"@id":"https:\/\/expoexhibitionstands.eu\/fr\/standiste-d-exposition-rotterdam#breadcrumb"},"inLanguage":"fr-FR","potentialAction":[{"@type":"ReadAction","target":["https:\/\/expoexhibitionstands.eu\/fr\/standiste-d-exposition-rotterdam"]}]},{"@type":"BreadcrumbList","@id":"https:\/\/expoexhibitionstands.eu\/fr\/standiste-d-exposition-rotterdam#breadcrumb","itemListElement":[{"@type":"ListItem","position":1,"name":"Home","item":"https:\/\/expoexhibitionstands.eu\/fr\/"},{"@type":"ListItem","position":2,"name":"Events","item":"https:\/\/expoexhibitionstands.eu\/fr\/messen"},{"@type":"ListItem","position":3,"name":"Calendrier des foires","item":"https:\/\/expoexhibitionstands.eu\/fr\/expositions\/evenements"},{"@type":"ListItem","position":4,"name":"Stand d’exposition à Rotterdam"}]},{"@type":"WebSite","@id":"https:\/\/expoexhibitionstands.eu\/fr\/#website","url":"https:\/\/expoexhibitionstands.eu\/fr\/","name":"Expo Exhibition Stands","description":"","potentialAction":[{"@type":"SearchAction","target":{"@type":"EntryPoint","urlTemplate":"https:\/\/expoexhibitionstands.eu\/fr\/?s={search_term_string}"},"query-input":{"@type":"PropertyValueSpecification","valueRequired":true,"valueName":"search_term_string"}}],"inLanguage":"fr-FR"}]}</script>
<!-- / Yoast SEO plugin. -->

Standiste à Rotterdam avec production interne

Conception et location de stands d'exposition à Rotterdam, avec une logistique fluide, une conception 3D gratuite et un devis détaillé.
